+ 30*w - 32. Give m(h).
-3
Let s be (-13)/(-3) + (-24)/18. Suppose -4*p = 5*q + 8, -q - 3*p = -s*q + 6. Let y(h) = q*h**3 + 1 + 4*h - h**3 + 0*h**3 + 4*h**2. Give y(5).
-4
Let i(u) be the second derivative of u**3/6 + 9*u**2/2 + 274*u. Determine i(-8).
1
Let c(p) be the second derivative of 0 + 18*p - 1/2*p**3 - 1/2*p**2. Give c(-3).
8
Let b(r) = -3 - 4 + 4 + 3*r - 1 - r**2. Let j be (-27)/(-9)*(-1 - 0). Let v = j - -6. Calculate b(v).
-4
Let d(w) be the first derivative of -w**3/3 + 8*w**2 + 9*w - 495. Determine d(17).
-8
Let c(n) = n + 23. Suppose i + 4 = -0*i + 4*j, 0 = j - 1. Give c(i).
23
Let z(h) = -1 + 0*h + 3*h - 3 + 0. Let w = 21 - 18. Give z(w).
5
Let d(m) = -m**3 + 3*m**2 + 4*m - 2. Suppose i + 3*s - 9 = 0, 0*i + i + 5*s = 19. Let l be (-1)/i*-2*-9. Calculate d(l).
10
Let s be 1/5*(-85)/(-34). Let j(x) be the second derivative of -1/20*x**5 + 0 - 2*x - 1/3*x**3 - 9/2*x**2 - s*x**4. What is j(-6)?
3
Let c(t) = -5*t**3 + t. Let g = -39 - -18. Let y = g + 23. Suppose -3*u + 9 = -4*i + 24, y*i - 10 = 4*u. Calculate c(u).
4
Let o(z) = z**3 - 7*z**2 + 4*z - 10. Let g be o(7). Suppose 4*d - g = -2. Let r(f) = -5 + d + 2*f + 0*f. What is r(1)?
1
Let d(i) = i - 6. Let j be (6/8)/(-2 - 221/(-104)). What is d(j)?
0
Let l(a) = -13*a + 47. Suppose 0 = 85*w - 86*w + f + 5, -5*f = 5. Calculate l(w).
-5
Suppose 4*x + g = 7, 3*g + 1 = -3*x + 4. Let m be (1 - 3 - 4)/((-2)/x). Let f(s) = 2*s - 6. Determine f(m).
6
Let v be -127 - -2*(-4)/16*0. Let o = v + 130. Let t(l) = -l**3 + 5*l**2 - 2*l - 2. Give t(o).
10
Let a(n) be the first derivative of 2*n - 1/3*n**3 + 1 + 5/2*n**2. Suppose 0*o = -18*o + 72. Determine a(o).
6
Let c(p) be the third derivative of -p**5/60 + p**4/4 + 2*p**3/3 - p**2. Suppose -3*k = 5*m - 15, 10 = k + k + 4*m. Suppose -k*w = 3 - 33. What is c(w)?
4
Let o(h) = -2*h + 6*h + 6 - h. Let s(c) = -29*c + 168. Let q be s(6). Determine o(q).
-12
Suppose -30*c - 22 = 98. Let o(d) be the third derivative of 0*d - 3*d**2 + 0*d**3 + 0 + 1/24*d**4. Give o(c).
-4
Let d(w) = 4*w + 2*w**2 - 10 - 3*w + 4*w**2 - 2*w + w**3 - 6*w. What is d(-7)?
-10
Let g be 12/(-4) + -1 - -4. Suppose 6*i - 4 - 26 = g. Let w(z) = -3*z + 1. Let s(k) = 3*k - 1. Let d(m) = i*w(m) + 4*s(m). Calculate d(1).
-2
Let m = 3346 - 3340. Let l(k) = -4 + 2*k - 8 + 4 - k**3 + 5*k**2. Calculate l(m).
-32
Let g(m) = -47*m**2 - 35*m - 1. Let o(z) = 17*z**2 + 12*z. Let i(n) = -4*g(n) - 11*o(n). Calculate i(-7).
-3
Let m(l) = l**2 - 5. Suppose -201*s - 9 = -198*s. Calculate m(s).
4
Let p(q) = -3*q - 2. Let b be p(-1). Suppose -b = -2*k + 3*k. Let t(a) = -13*a - 1. Give t(k).
12
Let z = 21 + -17. Suppose b = l + 7, 7*b - 4*b = z*l + 24. Suppose b*p = 2*t + 7 - 3, -4*p = -t. Let u(k) = 5*k + 1. What is u(p)?
-4
Let o(z) = z - 9*z**2 + 10*z**2 - 7*z**2. Let l be (-1)/((-4)/(-2 + -2)). Calculate o(l).
-7
Let g(s) = -s - 3 - 27*s**2 - 24*s**2 + 52*s**2. Give g(-3).
9
Suppose -2 = -2*q - 2*k, 4*q + 4*k - 7 = -q. Suppose 0 = 2*u - 4*u, -q*u = 2*j + 12. Let v(d) = 0 - 5 + d + 0. Determine v(j).
-11
Suppose 3*r - 28 = 2*j, r - 5*j - 43 = -2*r. Suppose 3 = -3*x, -r*x + 3*x - 13 = -5*s. Let m(z) = -z**3 + 2*z - 2. Calculate m(s).
-6
Let q be 21/385*11*(3 + (-20)/15). Let f(g) be the third derivative of -11*g**6/60 + g**5/60 - g**4/12 + g**3/6 - g**2. Give f(q).
-22
Let u be 6/(-1)*9/((-108)/20). Let k(w) = 3*w - 25. Give k(u).
5
Let f = 0 + 0. Suppose -2*r + 10 = -f*r. Let v(i) = 2*i**2 + i**3 - 8*i**2 + 17*i - 9*i - r. Give v(5).
10
Let w(u) = -u + 3 + 0*u + 1 - u**2. Suppose -4*v + 6*v = 6. Suppose 0 = -0*p + v*p. What is w(p)?
4
Suppose 548*f = 554*f + 30. Let h(n) = n**3 + 6*n**2 + 3*n - 2. Determine h(f).
8
Suppose 4*f + 0 - 12 = 0. Suppose -l + 7 = -2*k, 0 = -k + 4*k + l + f. Let z(c) = 3*c**2 + c + 1. Calculate z(k).
11
Let m(i) = -i**3 - 2*i**2 - 2*i. Let a be (-1 - 4) + 2 + 2. What is m(a)?
1
Let w(f) be the second derivative of f**6/120 + f**5/10 - f**4/3 - 7*f**3/6 - 7*f**2 - 7*f. Let o(t) be the first derivative of w(t). Calculate o(-7).
0
Let h be (-2 - 12/(-9))*-3. Let v(y) = 2*y**h - y**2 + 8 - 6*y + 5*y - 6*y. Determine v(6).
2
Let o(v) = -v + 4. Let k be o(7). Let i be 18/8 - k/(-12). Let f = -1 + i. Let x(y) = -6*y**3 - 1. Give x(f).
-7
Let g(h) be the second derivative of -h**5/20 - 7*h**4/6 - 2*h**3 + 9*h**2/2 + 12*h. Let y be g(-13). Let d(m) = -3*m - 2. What is d(y)?
10
Let m be ((28/3)/2)/(2/3). Let n(q) = -m + q + 0 - 1. Give n(6).
-2
Let u(g) = 19*g + 1. Let m = 429 + -430. What is u(m)?
-18
Let l(p) = p**3 + 6*p**2 - 7*p - 3. Let o(t) = t**3 - 10*t**2 + 11*t - 15. Let m be o(9). Let x be m/(9/(-6)) + (-6 - -1). Calculate l(x).
-3
Let j(u) = -12*u + 5. Let p be j(-5). Let f be p/26*8/10. Let i(a) = 4*a - 2 - 1 + 1 - f*a. What is i(6)?
10
Let p(z) = -3*z**2 - 2*z + 1. Let r(t) = 13*t - 6*t + 2*t**2 + t - 7*t. Let l(g) = 3*p(g) + 5*r(g). Determine l(0).
3
Let c(r) = -13*r**3 + r**2 + 2*r - 2. Let p(a) = a**3 - 10*a**2 + 6*a + 28. Let m be p(9). What is c(m)?
-12
Suppose -1120*q = -1123*q + 6. Let y(h) be the third derivative of q*h**2 + 0*h - 7/6*h**3 + 0 + 1/12*h**4. Determine y(6).
5
Let t(b) be the third derivative of b**5/60 - 5*b**4/24 - 5*b**3/6 - b**2 - 357*b. Let g(w) = -3*w - 3. Let y be g(-3). Determine t(y).
1
Let i = -7 + 7. Suppose -2*q - 3*w + i = -20, 3*q - 13 = 4*w. Let m(x) = -9 - 5 + q - 5 + x. Give m(6).
-6
Suppose 0 = -10*n + 571 - 511. Let c(r) = r**3 - 7*r**2 + 9*r - 9. Calculate c(n).
9
Suppose 12 = 3*l - 6. Suppose 0*q = l*q - 12. Suppose -q*t + 8 = 0, 0 = y - 0*t + 2*t - 2. Let r(p) = -p**2 - 5*p + 5. What is r(y)?
-1
Let w(n) = -n**3 + n**2 + n + 3. Let x be (85/5)/((-3)/(-6)). Suppose x*v - 29*v = 0. What is w(v)?
3
Let g be (-1)/(-1 - -4 - (2 - -2)). Let a = 4 - 2. Let l(y) = -3*y**2 + 4*y**a - 3 - g - 2. Determine l(0).
-6
Let s be (4 - 10)/(2 - 4). Suppose -s*j - 20 = -8*j. Let a(v) be the first derivative of -v**4/4 + v**3 + 5*v**2/2 + v - 1. Calculate a(j).
5
Suppose 5*l = -5*f - 5, 2*l + 21*f - 13 = 16*f. Let u(z) = 2*z**2 + 7*z. Calculate u(l).
30
Suppose -1 + 3 = -l, 10 = -5*o - 5*l. Suppose -14 = -o*j - 7*j. Let y(g) = 2*g - 2. Give y(j).
2
Suppose x - 9 = -5*z - 1, -15 = -5*z. Let k = x - -5. Let t(m) = -4*m + 2. What is t(k)?
10
Let l(j) = 8 - 3*j - 1 + 2*j - 2. Calculate l(2).
3
Suppose -4*l + 5*l - 3 = 0. Let v(f) = l - 2 - 5*f**2 - 4*f + 3*f. Let o(m) = m - 19. Let t be o(20). Determine v(t).
-5
Let p = 23 - 27. Let a(n) = n**3 + 5*n**2 + 5*n + 4. Let j be a(p). Let b(x) = x + 6. Calculate b(j).
6
Let t(k) = k**2 + 2*k - 1. Let f(n) = 1. Let z(u) = -f(u) + t(u). Give z(3).
13
Suppose b - 83 = 4*y, 5*y + 5*b = 55 - 140. Let g be (-16)/y*(-5)/(-2). Let s(p) = 4*p - g*p - 7*p**2 - 3*p. Give s(1).
-8
Suppose 6*y - 3*b = 8*y + 19, 0 = -5*y - 4*b - 30. Let l(s) = -s - 8*s - 2 + 1. Calculate l(y).
17
Suppose u + 7 = -q - q, 5*u = -2*q - 35. Let n(b) = b - 21. Let m(j) = j - 14. Let o(z) = u*m(z) + 5*n(z). Suppose -2*r - 14 + 4 = 0. Determine o(r).
3
Let k(c) = c + 4. Let f(x) = x**3 - 43*x**2 + 121*x - 29. Let d be f(40). Calculate k(d).
15
Let m(u) = -3*u - 1. Suppose -3*s = -0*s + 30. Let h be 76/s - 42/(-70). Give m(h).
20
Let p(m) be the first derivative of m**2 + 4*m - 2. Suppose 2*y = 3*r, 1 + 2 = y. Suppose -5*k - 37 = -k + 5*o, -o - r = -k. Calculate p(k).
-2
Suppose -17*x = 56 + 12. Let w(o) = -2 + 1 - 4 - 2*o. Give w(x).
3
Let t(s) = s + s**2 + 1 + 3*s + 1. Let x be (-3)/(-1)*1/(-3). Let r = -5 + x. Determine t(r).
14
Let f be 3 + 9/(-3) - (-18 + 4). Let w(n) = 2*n**2 - 29*n + 20. Determine w(f).
6
Let t be 9/30 + (-92)/15 + 6. Let m(q) be the third derivative of 0*q**3 + 1/120*q**6 - 1/10*q**5 + 8*q**2 + t*q**4 + 0*q + 0. Calculate m(5).
-5
Let f(d) = 2*d**2 + 5*d + 3. Suppose -9 = 3*o + 5*i, -5*i - 5 = 2*o + 6. Let r = 163 - 161. Suppose -4 = r*q + o. Determine f(q).
6
Let i(t) be the first derivative of 1 + 2/3*t**3 + 1/2*t**2 - 2*t - 1/4*t**4. Let l be (-3)/(-2) + (5/(-6))/((-70)/42). Determine i(l).
0
Suppose -112 + 110 = -o. Let d(i) = -8*i. Calculate d(o).
-16
Let b = 9 + -17. Let r(j) = -225 + 3*j + 2*j + 3*j + 222 + j**2 - j. What is r(b)?
5
Let a(i) = 11*i + 669 + 664 - i**2 + 662 - 1995. Give a(12).
-12
Let k = -935 + 934. Let t(y) = -19*y - 1. Give t(k).
18
Let n(r) = 11*r + 5. Let s(a) = -56*a - 28. Let i(d) = 